e (21 - (1 - 1)) + -3. Let j = -39 - -33. Let k = j - -18. Calculate the highest common divisor of p and k.
6
Let b(l) = 2*l - 2. Suppose -34 - 36 = -4*m + 3*y, 5*m = -4*y + 72. Let q be m/(-12)*(-1 - 5). Let c be b(q). What is the greatest common factor of c and 7?
7
Suppose 2*q = 8 + 2. Let j(d) = 17*d. Let b be j(q). Let k(p) = p**2 + p - 8. Let a be k(-7). What is the greatest common divisor of b and a?
17
Let v(w) = -7*w + 6. Let d be v(-6). Suppose 5*s = -2*x - 12, 4*x - s = -5*s - d. Let j = -5 - x. What is the highest common factor of 44 and j?
11
Let j = -423 + 428. Calculate the highest common divisor of 40 and j.
5
Let a be 4 - 3*(-1)/3. Let z(u) = u**2 - 2*u + 6. Let b be z(a). What is the greatest common divisor of b and 3?
3
Let i be -2*(-2)/(-4) - -17. Suppose -5*u + 10*u + 90 = 0. Let y = u - -66. Calculate the highest common factor of y and i.
16
Suppose 44*l - 17225 - 14939 = 0. What is the greatest common divisor of 17 and l?
17
Suppose 60 + 12 = 2*t. Let q be t*((-8)/6 - (7 + -9)). What is the greatest common divisor of 24 and q?
24
Suppose 0 = 11*m - 9*m + 16. Let o(c) = c**2 + 9*c + 17. Let f be o(m). Suppose 4*a - 260 = -8. What is the highest common divisor of a and f?
9
Let c(v) be the second derivative of v**3/2 - 16*v**2 + v. Let y be c(13). Let d be y/5 + 18/(-45). What is the greatest common divisor of d and 11?
1
Suppose -2141 = -24*h - 413. Calculate the greatest common divisor of 8 and h.
8
Let j = 9 - 21. Let m = -20 - j. Let r = -1 - m. What is the highest common factor of 63 and r?
7
Suppose u = -3*x + 6*u + 11, u + 1 = 0. Suppose -2*l - 3*l + 84 = 2*o, -15 = 5*o. What is the highest common divisor of x and l?
2
Let n(u) = -u**2 - 9*u. Suppose 5*s + 172 = 142. Let v be n(s). What is the highest common factor of v and 180?
18
Suppose -42 = -z - 6. Let c = z - 21. Suppose -c - 100 = -i. Calculate the greatest common factor of i and 46.
23
Let i be (-576)/21 + 6/14. Let g = 24 - i. Calculate the greatest common divisor of g and 17.
17
Let o(z) = -z**2 + 7*z + 108. Let h be o(14). Let m be (0 - 1)*2 + -5. Let i = m - -17. What is the highest common divisor of h and i?
10
Let z be (3 + (297 - 1))*-1. Let j be z/(-13) - (-2 - -5). Calculate the highest common factor of 4 and j.
4
Let z be (2 + -3)/(1 - 5/4). Let a be z/1 + 0 + 3. Let m = 1 + 13. What is the highest common divisor of a and m?
7
Let d = 8 + -62. Let b = d + 102. What is the highest common divisor of b and 6?
6
Let c be ((-6)/(-5))/(6/20). Suppose -2*y = -c*y + 64. Let g(f) = f**2 + 17*f - 14. Let w be g(-18). What is the greatest common factor of y and w?
4
Suppose 2*u + 3*c - 29 = 0, 0*c + 2*c = 5*u - 44. Let p = -1117 - -1793. Suppose -p = -5*j - 176. What is the highest common factor of u and j?
10
Let h = -253 + 280. Calculate the highest common factor of 1 and h.
1
Suppose 44 = -5*x + x. Let f(c) = 2*c**2 + 9*c - 65. Let p be f(x). Calculate the highest common divisor of 13 and p.
13
Suppose 4*z - 113 - 242 = u, 0 = -5*z + 3*u + 435. Let j(t) = 137*t**3 - 4*t + 2. Let s be j(1). What is the highest common divisor of s and z?
45
Suppose -39*g = -16*g - 4301. Calculate the greatest common divisor of g and 17.
17
Suppose -3*s - 5*q + 253 = -16, q - 1 = 0. Calculate the highest common factor of 264 and s.
88
Let s be (-3)/(8/(-4) - -1). Suppose -4*d + 112 = 5*j, 2*d + 48 = s*j - 2*d. Calculate the greatest common divisor of j and 80.
20
Suppose 2*k = 15*k - 13806. What is the greatest common divisor of 36 and k?
18
Let y be (4 - 7)/(1 + -2). Calculate the highest common factor of y and 375.
3
Suppose -5*w - 3 - 2 = 0, -4*c + 3*w - 209 = 0. Let o = 1 - c. Calculate the greatest common divisor of o and 108.
54
Let p(g) = 23*g - 76. Let u be p(14). Calculate the highest common factor of u and 12.
6
Let f(h) = h**3 + 4*h**2 + h + 4. Let c(i) = i + 2. Let p be c(-5). Let b be f(p). Calculate the highest common factor of b and 110.
10
Let b = 388 - 200. Suppose 4*z + b = 12. Let p = 197 + z. Calculate the highest common divisor of 17 and p.
17
Suppose -2*a + 28 = -0*a. Suppose 0*x + x = a. Calculate the greatest common divisor of x and 35.
7
Suppose -24 = -6*k + 4*k. Suppose -4*r + 48 = -3*i, -36 = -3*r + 3*i - 8*i. What is the greatest common divisor of k and r?
12
Let g = 33 + -47. Let x = g - -18. What is the greatest common factor of x and 1?
1
Suppose 0 = -8*g + 3*g + 3*r + 49, -8 = -4*r. Let l be 1 - -470 - (-3 + 0). Suppose -76 = -10*f + l. Calculate the highest common divisor of f and g.
11
Suppose -164*o = -172*o + 336. What is the greatest common factor of 273 and o?
21
Suppose -i = -5 - 1. Let o(s) = 9*s**2 + s. Let u be o(-1). Suppose m - 17 = -5*r, 3*m - 24 = 4*r + u. What is the highest common divisor of i and m?
6
Suppose -3*h = 2*j - 3*j - 7, 3*h = 3*j - 3. Let u be (10 + -2)/(h/10). What is the greatest common divisor of 10 and u?
10
Suppose -2*b - 74 = -4*t + 382, t - 4*b = 128. Calculate the highest common divisor of 182 and t.
14
Let z = -29 + 144. Let i = -35 + z. Calculate the highest common divisor of 32 and i.
16
Let a be -5*(-3)/(2 - -1). Suppose -s = -a*w + 16, 0*w - s - 7 = -2*w. Suppose -w*n + 32 = n. What is the highest common factor of 4 and n?
4
Let l = -6 + 10. Suppose -m + f - 2 = 0, 4*m + f = -12 + l. Let p = m - -10. Calculate the greatest common factor of p and 4.
4
Let n(f) = -3*f + 1. Let s be n(-4). Suppose -17*o + s*o + 504 = 0. Calculate the highest common divisor of 14 and o.
14
Suppose 18*p - 566 = 442. Suppose -194 = 4*r - 3*a - 1087, 0 = -2*r + 3*a + 445. Calculate the highest common divisor of p and r.
56
Let p = 38 + -20. Suppose -2*i + 7*t - 2*t + 139 = 0, -5*i + 331 = 4*t. Let a = -22 + i. What is the greatest common factor of a and p?
9
Suppose 0*h = -2*h - 4. Let c(m) = -6*m**3 - 2*m - 2. Let p be c(h). Suppose -2*k + p = 3*k. Calculate the highest common factor of 4 and k.
2
Let v = -32 - -24. Let l be (0 - 2)/(v/8). Suppose 20 = -5*k, -k + 18 = l*u - 3*k. Calculate the greatest common factor of 2 and u.
1
Let x be 1 + -9 + (35 - 6). Calculate the highest common divisor of 525 and x.
21
Suppose -2*r = -5*q + 358, -q + 5*r = r - 68. Let c(u) = 23*u**2 + 1. Let i be c(-1). What is the greatest common factor of i and q?
24
Let h be 790/316*(1098/(-5))/(-3). What is the greatest common divisor of h and 305?
61
Let t = 0 - -5. Suppose -3 + 5 = h, 2*h = t*z - 121. What is the greatest common divisor of 10 and z?
5
Suppose -2*r + 5*r - 6 = 0. Suppose r*d + 5*w = -5, -20 = 2*d - 3*d + 2*w. Suppose -24 = -3*t + 6. Calculate the greatest common factor of d and t.
10
Suppose 3*o + 1349 = 4*b, 2*b + 4*o = -2*b + 1328. What is the greatest common divisor of 603 and b?
67
Suppose -43*p + 48*p - 45 = 0. Suppose -10*m + 3 = -p*m. Suppose a + 2*u = -0*u + 17, 4*a = 5*u + 55. What is the highest common factor of m and a?
3
Let f be ((-270)/216)/((-2)/32). Let d = 244 - 144. Calculate the highest common divisor of f and d.
20
Suppose -384 = -4*w - 332. Suppose -4*s + 2*s = -208. What is the highest common factor of w and s?
13
Suppose -5*m + 4*m = -3*l - 279, -2*l + 1158 = 4*m. What is the highest common divisor of m and 32?
32
Let o = 21 - 42. Let t = -8 - o. Suppose -5*g + 65 = -0*g. Calculate the greatest common factor of g and t.
13
Let w be 10/(3 - 1/1). Suppose 2*m = 5*m - 4*v + 520, -v - w = 0. Let k = -115 - m. What is the highest common factor of k and 13?
13
Suppose -208 = -6*x - 802. Let f = x - -159. What is the highest common divisor of f and 15?
15
Let h be (-1041)/(-15) + (-24)/(-40). What is the greatest common factor of h and 28?
14
Let d = 571 + -445. What is the greatest common divisor of 210 and d?
42
Suppose 0 = 5*v - 2*f + 3, -3*f + 9 = v - f. Suppose 5*q = 4*g + 39, -22*q + 2*g = -28*q + 74. What is the highest common divisor of v and q?
1
Suppose -6 = 3*x - 0*x. Let w = 3 + x. Let d(f) = f**3 - 13*f**2 + 1. Let v be d(13). Calculate the highest common factor of w and v.
1
Suppose 0 = 92*y - 2780 - 6880. Let t = -54 - -75. What is the highest common factor of y and t?
21
Suppose -3*n - 5*z = -0*z + 26, 0 = z + 1. Let l be (-115)/n - (-15)/(-35). Calculate the highest common factor of l and 2.
2
Suppose 2*h + 2*b - 26 = 0, 0 = 4*b + b + 25. Let k = h - -18. What is the greatest common factor of 1